hat is the remainder when 12 is divided by (-58)/(-8) - (-6)/l?
5
Let i = 8 - -34. Calculate the remainder when i is divided by 11.
9
Let n be (-1)/3 - 48/(-9). Suppose 7*i = n*i + 8. Calculate the remainder when 14 is divided by i.
2
Let m(b) = b**3 + 4*b**2 + b - 2. Let d be m(-3). Suppose 3*n - 13 = 5*s, -16 = -d*n + 5*s + 3. What is the remainder when -1 + 15 + (5 - 4) is divided by n?
3
Suppose -7*z = 385 - 1008. What is the remainder when z is divided by 15?
14
Let f(x) = -6*x - 1. Let t be f(-1). What is the remainder when 13 is divided by (-2)/t + (-148)/(-20)?
6
Suppose z - 7 = -3*y, 5*y + 3*z - 17 = -0*y. Let f(l) = 3*l - 1. What is the remainder when 2 is divided by f(y)?
0
Let y = 0 - 5. Let b be ((-2)/(-3))/(4/(-12)). What is the remainder when (b/y)/(1/10) is divided by 3?
1
Let h = 5 - -20. Let u(p) = 98*p + 1. What is the remainder when u(1) is divided by h?
24
Let a = 43 - 24. What is the remainder when a is divided by 5?
4
What is the remainder when -5 + (-4)/(-1) + 51 is divided by 13?
11
Calculate the remainder when 9 is divided by (27/(-18))/((-6)/16).
1
Suppose -i = i - 20. Suppose 226 - 58 = 6*c. What is the remainder when c is divided by i?
8
Calculate the remainder when 9 is divided by 1 + (5 - (-5)/(-5)).
4
Suppose 0 = -4*t - 4*q - 368, 4*t + 0*q + 350 = 2*q. Let a = t + 48. Let r = a - -82. Calculate the remainder when r is divided by 14.
13
Let j(x) = -4*x - 27. Let n(s) = 3*s + 18. Let o(k) = 5*j(k) + 8*n(k). What is the remainder when 49 is divided by o(4)?
24
Let l(c) = -c**3 - 3*c**2 + 5*c + 4. Let j be l(-4). Suppose s + s - 50 = j. Let q = s - 6. What is the remainder when 36 is divided by q?
17
Calculate the remainder when -11*(6 - 18)/6 is divided by (-4)/(-6) - (-66)/9.
6
Let a(m) = -m**2 - 13*m - 13. What is the remainder when 23 is divided by a(-11)?
5
Let r(o) = -o**2 - 6*o - 4. Let l be r(-5). Let j be 3/l*(17 - 0). Suppose 0 = -4*h + t + 40, 5*h - 2*t - j = -t. What is the remainder when 20 is divided by h?
9
Let v(u) = 9*u**2 - 2*u - 2. Calculate the remainder when 25 is divided by v(-1).
7
Let g(t) = 4*t - 4. Suppose 5*y - 222 = -3*a, -4*y - a + 178 = a. Calculate the remainder when y is divided by g(5).
13
Let x(g) = 5*g**3 - 13*g**3 + 7*g + 5*g**2 - 4 + 7*g**3. Suppose 3*t - 3 = 2*a, 2*a = a. What is the remainder when x(6) is divided by t?
0
Suppose -5*h + 5*i + 110 = 0, 0 = i - 12 + 16. What is the remainder when 40 is divided by h?
4
Let i(o) = -34*o - 3. What is the remainder when i(-2) is divided by 0 + 2 + -4 + 24?
21
What is the remainder when 5/10*(-44)/(-2) is divided by 7?
4
Let v(c) = 0*c + 3 + 0 - c. Calculate the remainder when 42 is divided by v(-8).
9
Let q(x) = -x**2 + 6*x + 8. Let m be q(6). Suppose -4*v + 6 = 3*u, -3*v + 5*u = -m*v + 5. Calculate the remainder when -2 + (-117)/(0 - v) is divided by 13.
11
Let o(u) = -u**2 + 10*u - 6. What is the remainder when ((-2)/(-12)*15)/((-3)/(-66)) is divided by o(5)?
17
Let l = 37 - 28. Suppose -2*j = -j - 2. Calculate the remainder when j/(-3) - 100/(-6) is divided by l.
7
Suppose 4*j - q = 4*q + 13, 5*q - 29 = -2*j. Suppose 0 = 3*w - j*w - 2*c + 46, -2*w + c = -29. Calculate the remainder when 24 is divided by w.
11
Let x(t) = -t**2 - 1 + 3*t**2 + 2*t**2 - t**2. What is the remainder when x(-3) is divided by 9?
8
Suppose -23 - 31 = -3*g. What is the remainder when (-10)/4*(-1656)/60 is divided by g?
15
Let w(i) be the third derivative of i**5/20 - i**4/8 - i**3/6 + 3*i**2. Calculate the remainder when 50 is divided by w(-2).
16
Let r(m) = -2*m - 18. Calculate the remainder when 37 is divided by r(-19).
17
Suppose -3*n - 4*c + 5*c = -25, 3*n = -5*c + 37. Calculate the remainder when 41 is divided by n.
5
Let u(m) = -m**2 + 12*m - 15. Let v = 2 - -1. Suppose -4*z + 5*w = -45, 4*z - w + v*w = 38. Calculate the remainder when u(z) is divided by 2.
1
Let s = 60 - 0. Suppose -h = -4*r + 88, -58 = -5*r + 3*r + 4*h. What is the remainder when s is divided by r?
18
Suppose 0 = -0*f + 4*f - 16, 0 = 5*l + 4*f - 21. Let y = 4 - -3. Suppose 5*z - y = -2. Calculate the remainder when z is divided by l.
0
Let k be 5 + 1 + 1 + -4. Let z(v) = v**3 - 2*v**2 + 4*v. Calculate the remainder when 40 is divided by z(k).
19
Suppose 0 = -2*c - 13 - 3. What is the remainder when c + 45 - (-6 + 2) is divided by 11?
8
Let r(z) = -z**2 - 3 - 26*z + 37*z + 0. Calculate the remainder when r(10) is divided by 3.
1
Suppose -2*a = 6*q - 4*q - 70, -5*a = -q + 5. Suppose 0 = m - n - 89, 0 = 5*m + 2*n + 287 - 718. Calculate the remainder when m is divided by q.
27
Suppose 2*n = -4*n. Suppose -3*c + 3*u = -41 - 7, 3*u + 15 = n. What is the remainder when c is divided by 6?
5
Let y(l) = l**2 + 9*l - 29. What is the remainder when y(-14) is divided by 6?
5
Let w be -1*5/((-10)/4). Suppose -w*t - t = -18. Calculate the remainder when 17 is divided by t.
5
Calculate the remainder when 52 is divided by (-3 - (-17 - -2))/((-6)/(-9)).
16
Let u = 4 + 7. Suppose -3*d + 6 = -3*x, -2*x = 5*d + 2*x - 55. Calculate the remainder when u is divided by d.
4
Suppose -361 = -5*p + 119. Suppose -p = -4*h - 24. Calculate the remainder when 34 is divided by h.
16
Let q(u) = -u**3 + 7*u**2 + 2*u - 4. What is the remainder when 39 is divided by q(7)?
9
Let t(d) = d + 3. Let i be t(4). Let a = -4 + 16. What is the remainder when 45/3*i/3 is divided by a?
11
Let w(q) = 2*q - 4. Let f be w(3). Let y(a) = 2*a**2 + 2*a - 3. Let u be y(f). Suppose -u = -4*t + 3*t. Calculate the remainder when 17 is divided by t.
8
Let v(b) = -6*b - 1. Let x be v(-1). Let s(t) = -t**2 - t + 70. Let c be s(0). Suppose 10*n = x*n + c. What is the remainder when n is divided by 8?
6
Let p(t) = 31*t**3 - t. What is the remainder when 89 is divided by p(1)?
29
Let b(g) = 3*g - 1. Let m be b(2). Suppose -m*u - 4 = -7*u. Let j(w) = 3*w**2 + w. Calculate the remainder when 54 is divided by j(u).
12
Suppose -r - 1 = 1. Suppose 5 = w - 4. What is the remainder when 303/18 + r/(-12) is divided by w?
8
Suppose 4*n + 315 = 5*j, -n = 4*j - 241 - 32. What is the remainder when j is divided by 14?
11
Let q(b) = 2*b**3 - 33*b**2 - 9*b + 23. Let v(s) = 3*s**3 - 50*s**2 - 14*s + 35. Let z(t) = -8*q(t) + 5*v(t). What is the remainder when 74 is divided by z(14)?
17
Suppose 0 = 4*a - 39 - 49. Let o = a - 15. Calculate the remainder when 12 is divided by o.
5
What is the remainder when 0*(-1)/(-3) + 109 + 4 is divided by 19?
18
Let h = 6 - 3. Suppose 4*z - h*u - 29 = 0, -z + u = 2 - 10. Calculate the remainder when (z - -1) + -2 - -1 is divided by 2.
1
Calculate the remainder when 79 is divided by (11/(-33))/((-2)/120).
19
Suppose 4*t - 3*t - 48 = 2*q, 5*q = 2*t - 99. Suppose -2*x + t = x. Calculate the remainder when 40 is divided by x.
12
Suppose -1 - 44 = 5*q. Let z = q - -12. What is the remainder when 9 is divided by z?
0
Suppose 4*a = 9 + 7. What is the remainder when 8 is divided by a?
0
Let v be 8/(-12) - (-21)/(-9). Let x = v + 8. Calculate the remainder when x is divided by 2.
1
Let v = -32 + 43. Calculate the remainder when 162 is divided by v.
8
Suppose 6*u - 3*u = 36. Let d = u - -10. What is the remainder when d is divided by -2 - (-1*2 - 8)?
6
Suppose -t - r - 3*r = -23, 4*r = 5*t - 19. What is the remainder when (-36)/((-3)/(1*(-12)/(-8))) is divided by t?
4
Let p = -23 - -58. What is the remainder when p is divided by 18?
17
Suppose 0 = v - x - 12, 3*v = -4*x - x + 44. Calculate the remainder when v is divided by 5.
3
Let m = -21 - -34. What is the remainder when -5*2*m/(-5) is divided by 9?
8
Let m(l) = l + 6. What is the remainder when 26 is divided by m(6)?
2
Let a = 115 - 89. What is the remainder when 75 is divided by a?
23
Let o(p) = p**3 - 8*p**2 - 2*p - 13. Calculate the remainder when o(9) is divided by (-1)/(-4)*-26*-2.
11
Let l = 92 + -56. Calculate the remainder when l is divided by ((-7)/21)/(1/(-39)).
10
Suppose 5*m + 2*p + 3*p = 75, 2*p + 2 = 0. Suppose -3*v - 42 = -5*s, 9*v - 8 = -4*s + 5*v. What is the remainder when m is divided by s?
4
Let a(l) = -l + 14. Let p be a(11). Suppose r - 25 = -2*j - 2*r, 3*j - 3*r = 45. Calculate the remainder when (-31 - -2)*-1 - p is divided by j.
12
Suppose -116*i = -113*i - 345. Calculate the remainder when i is divided by 39.
37
Let x = -1 - -4. Suppose 3*h - x*t - 30 